o**2 - 19. What is g(-6)?
17
Let h(a) = -3*a - 38. Give h(-17).
13
Let l(o) = -2*o. Give l(-10).
20
Let g(y) = -y**2 - 16*y + 25. Calculate g(-19).
-32
Let r(o) = -2*o**2 - 7*o + 8. Give r(-6).
-22
Let y(p) = 4*p - 13. Determine y(6).
11
Let b(z) = -8*z**2 - 64*z - 40. What is b(-7)?
16
Let j(b) = -51*b**3 + b**2 + b - 2. Determine j(1).
-51
Let k(g) = -g**3 - 16*g**2 + 16. Determine k(-16).
16
Let j(w) = 2*w**2 - 2*w + 1. What is j(-6)?
85
Let o(r) = r + 10. Determine o(11).
21
Let a(h) = -5*h**2 - 184*h + 49. Determine a(-37).
12
Let m(z) = -5*z**3 + 45*z**2 - 2*z + 19. Determine m(9).
1
Let y(t) = -14*t + 548. Determine y(39).
2
Let m(a) = -2*a - 38. Give m(-18).
-2
Let k(i) = -8*i**3 - i**2 - 1. Calculate k(-1).
6
Let f(i) = i**3 - 3*i**2 - 6*i - 3. Calculate f(3).
-21
Let n(y) = -y**3 + 10*y**2 + 8*y + 26. Calculate n(11).
-7
Let z(a) = -3*a**3 - 4*a**2 + 2. Give z(-1).
1
Let v(x) = 2*x**3 + 9*x**2 + 9*x + 12. Determine v(-6).
-150
Let w(n) = 3*n + 4. Determine w(10).
34
Let c(d) = -d**3 + 5*d**2 + d - 3. What is c(6)?
-33
Let i(h) = -h**3 + 2*h**2 + 11*h - 6. Determine i(-3).
6
Let h(j) = -j**3 + 3*j**2 + 4*j - 4. Determine h(4).
-4
Let m(s) = -s**3 + 16*s**2 + 14*s + 27. Give m(17).
-24
Let x(h) = -h**3 + 5*h**2 + 6*h - 2. Give x(4).
38
Let q(h) = -7*h**2 + 49*h + 17. Give q(7).
17
Let p(r) = -r**3 - 3*r**2 + 2*r + 2. Calculate p(-3).
-4
Let v(o) = -o**2 - 13*o + 5. What is v(-9)?
41
Let z(b) = b**2 - 5*b + 1. Determine z(1).
-3
Let z(y) = -y**3 - 5*y**2 + 5*y + 6. What is z(-6)?
12
Let h(p) = 19*p**3 - 2*p + 1. Calculate h(1).
18
Let h(b) = -b**3 + 22*b + 16. Determine h(5).
1
Let c(j) = j**3 + 5*j**2 + j - 11. Determine c(-4).
1
Let b(k) = k - 5. Calculate b(10).
5
Let n(x) = x**3 + 5*x**2 - 2*x - 14. Determine n(-6).
-38
Let x(n) = -n**2 - 34*n - 93. Determine x(-3).
0
Let k(x) = -2*x**3 + 2*x**2. Calculate k(2).
-8
Let n(y) = -y**3 - 6*y**2 - 2*y + 2. Determine n(-5).
-13
Let t(s) = 9*s + 76. What is t(-10)?
-14
Let c(y) = -y**3 + 4*y**2 + 3*y + 1. What is c(4)?
13
Let g(m) = 14*m + 113. Determine g(-9).
-13
Let r(q) = -6*q - 12. Give r(-6).
24
Let f(a) = -2*a**2 - 10*a + 17. What is f(2)?
-11
Let x(b) = -b + 4. Calculate x(10).
-6
Let n(q) = -5*q. Determine n(-4).
20
Let z(c) = 2*c + 5. Calculate z(-6).
-7
Let m(a) = 4*a + 3. Give m(4).
19
Let x(g) = g - 1. Calculate x(-5).
-6
Let v(h) = 2*h**2 - 70*h + 70. Give v(34).
2
Let i(u) = -8*u + 21. What is i(3)?
-3
Let w(q) = 4*q**2 + 2*q + 1. What is w(-4)?
57
Let g(p) = -19*p - 25. Determine g(-6).
89
Let i(f) = f**3 - 28*f**2 + 27*f + 23. Give i(27).
23
Let w(s) = -s**2 + s - 8. Give w(-6).
-50
Let i(u) = -u**3 - 2*u**2 - u - 3. Determine i(-2).
-1
Let o(i) = -i**3 - 2*i**2 + i - 12. Give o(5).
-182
Let y(d) = d**3 - 10*d**2 - d + 10. Give y(10).
0
Let v(r) = r**3 + 2*r**2 + 5*r - 6. Give v(-3).
-30
Let s(l) = -l**3 + 11*l**2 - 10*l - 14. What is s(10)?
-14
Let o(q) = -q**2 + 17. Calculate o(7).
-32
Let j(r) = r**3 + 15*r**2 + 12*r - 22. Determine j(-14).
6
Let g(w) = w**2 + 9*w - 202. Calculate g(-19).
-12
Let q(p) = -p**2 - 12*p - 8. Determine q(-12).
-8
Let j(g) = 2*g**2 - 63*g + 38. Calculate j(31).
7
Let f(h) = 10*h**3 + 4*h**2 + 2*h - 1. Give f(-1).
-9
Let z(d) = d**2 - 6*d - 1. What is z(7)?
6
Let z(p) = p**3 - 11*p**2 - 14*p + 4. Calculate z(12).
-20
Let f(q) = -4*q + 118. Calculate f(23).
26
Let h(a) = a**3 + 20*a**2 - 43*a + 27. Determine h(-22).
5
Let q(f) = f - 7. Determine q(10).
3
Let l(p) = 11*p + 12. Calculate l(-3).
-21
Let y(r) = r - 2. Determine y(-10).
-12
Let g(u) = -38*u - 105. Give g(-3).
9
Let s(p) = 3*p**3 - 3*p**2 - 4*p + 1. Give s(3).
43
Let r(g) = g**3 + g**2 - 5*g - 2. What is r(-3)?
-5
Let b(h) = 29*h - 441. Calculate b(15).
-6
Let h(i) = 35*i**3 - i**2 + i. Determine h(1).
35
Let a(h) = -h**3 - 9*h**2 + 14*h + 24. Determine a(-10).
-16
Let u(b) = b**2 - 19*b - 2. What is u(19)?
-2
Let j(i) = i**3 - 11*i**2 + 2*i - 14. Give j(11).
8
Let r(q) = 23*q**3 + q**2 + 2*q + 1. Calculate r(-1).
-23
Let o(k) = k**2 + 5*k + 9. What is o(-4)?
5
Let c(w) = -w**3 - 16*w**2 - 18*w - 47. Give c(-15).
-2
Let k(m) = m**2 + m - 89. Calculate k(-10).
1
Let p(j) = 3*j - 1. Give p(0).
-1
Let i(x) = x - 10. What is i(-10)?
-20
Let u(o) = o + 3. Give u(-5).
-2
Let p(h) = -h**3 - 16*h**2 - 15*h + 2. Give p(-15).
2
Let l(i) = -i**3 + 5*i**2 - i + 5. Determine l(5).
0
Let m(d) = -d**2 + 42*d - 71. Calculate m(40).
9
Let z(r) = 2*r**2 + 2*r - 10. What is z(5)?
50
Let q(m) = -m**2 + 7*m. Give q(4).
12
Let t(b) = 2*b + 23. What is t(0)?
23
Let s(n) = 2*n**2 - 18*n + 11. Calculate s(6).
-25
Let r(t) = 7*t - 25. Determine r(6).
17
Let m(x) = -x**3 + 6*x**2 - x - 2. Determine m(6).
-8
Let v(u) = -9*u + 137. Calculate v(16).
-7
Let q(o) = o**3 - 14. Determine q(0).
-14
Let v(i) = -i**3 - 5*i**2 + 7*i - 2. Determine v(-7).
47
Let p(m) = 2*m + 52. What is p(-25)?
2
Let b(q) = -4*q + 8. Give b(-3).
20
Let k(u) = -2*u - 51. Determine k(0).
-51
Let c(r) = -r**2 - 21*r - 56. Give c(-10).
54
Let t(o) = 2*o**3 - 2*o**2 - 2*o - 6. Give t(4).
82
Let l(z) = -22*z - 6. Calculate l(5).
-116
Let s(f) = 7*f + 2. Determine s(5).
37
Let j(l) = -l**3 - 13*l**2 - 11*l + 17. Give j(-12).
5
Let u(t) = -t**3 - 6*t**2 - 12*t + 1. Calculate u(-5).
36
Let s(c) = c**3 + 11*c**2 - 5*c + 15. Determine s(-12).
-69
Let l(f) = 3*f + 33. Calculate l(-12).
-3
Let y(d) = d**2 - 3*d - 7. Give y(5).
3
Let g(n) = -n**3 - 7*n**2 - 11*n - 3. Determine g(-5).
2
Let j(w) = -3*w**3 + 2*w**2 - 3*w + 2. What is j(1)?
-2
Let i(o) = -10*o - 39. Calculate i(-4).
1
Let p(b) = 11*b**3 + 2*b**2. Calculate p(1).
13
Let r(i) = 2*i**2 - i. Determine r(-2).
10
Let n(t) = t**3 + 9*t**2 + 2*t + 20. Calculate n(-9).
2
Let l(w) = w**3 + 12*w**2 + 8*w - 18. What is l(-11)?
15
Let l(o) = -2*o + 6. Determine l(-3).
12
Let g(q) = q**3 + 2*q**2 + 6*q + 5. Calculate g(-4).
-51
Let r(p) = -p**3 + 6*p**2 + 6*p - 33. Calculate r(5).
22
Let l(s) = s**3 + 5*s**2 - 5*s + 5. Give l(-6).
-1
Let d(g) = -g**2 - 6*g + 1. Determine d(-6).
1
Let a(c) = -c**3 + 6*c**2 + c - 5. Calculate a(5).
25
Let h(m) = -m**2 + 6*m + 9. Calculate h(9).
-18
Let c(b) = 12*b + 1. Give c(-3).
-35
Let s(n) = -54*n**3 - 2*n + 2. Determine s(1).
-54
Let a(x) = 6*x - 25. Calculate a(5).
5
Let b(x) = 6*x**2. Calculate b(-3).
54
Let q(b) = -b**2 - 2*b - 1. Determine q(-5).
-16
Let l(j) = j**2 - 10*j + 32. Calculate l(8).
16
Let s(t) = t**2 - 30*t + 16. Calculate s(29).
-13
Let k(z) = z**3 - 14*z**2 + 24*z - 2. Calculate k(2).
-2
Let o(a) = a**3 + 6*a**2 + 5*a + 10. What is o(-6)?
-20
Let r(j) = -2*j - 7. Calculate r(-4).
1
Let y(q) = 2*q**2 - 13*q - 4. Calculate y(7).
3
Let a(r) = r**2 + 5*r. Determine a(-7).
14
Let a(w) = 3*w**2 + 4*w - 4. Calculate a(1).
3
Let y(v) = 11*v - 126. Give y(11).
-5
Let o(p) = -2*p - 24. Give o(-6).
-12
Let u(f) = 2*f**2 + 6*f - 17. Calculate u(-8).
63
Let v(q) = -q**3 + 5*q**2 + 8*q - 9. Give v(6).
3
Let f(k) = 4*k**3 + 30*k**2 + 25*k + 69. Determine f(-7).
-8
Let d(b) = -b**3 - 7*b**2 + 2*b + 17. Determine d(-7).
3
Let b(h) = h**3 + 22*h**2 - 46*h + 56. Determine b(-24).
8
Let v(k) = -8*k + 1. Give v(-3).
25
Let p(v) = -6*v**2 + 28*v + 11. Give p(5).
1
Let g(c) = -13*c**3 + 2*c**2 - 3*c + 2. What is g(1)?
-12
Let a(z) = -z**3 - 3*z**2 + 10*z + 5. Determine a(-4).
-19
Let v(q) = -q**3 - 11*q**2 - 10*q + 7. Give v(-10).
7
Let h(j) = -j - 101. What is h(31)?
-132
Let y(g) = -2*g**2 + 49*g - 262. Give y(8).
2
Let k(u) = -u + 14. What is k(10)?
4
Let z(d) = d**2 + 31*d + 74. Determine z(-29).
16
Let k(v) = -26*v + 3. Give k(-5).
133
Let j(u) = 2*u**3 - 18*u**2 + u - 4. Give j(9).
5
Let j(t) = 3*t + 7. Give j(-5).
-8
Let v(t) = 4*t - 27. Determine v(3).
-15
Let i(x) = -x**3 - 9*x**2 - 4*x - 2. Calculate i(-8).
-34
Let h(d) = 3*d. Calculate h(4).
12
Let i(h) = -h**3 + 5*h - 6. Determine i(5).
-106
Let g(t) = 17*t. What is g(1)?
17
Let r(l) = -l**3 - l**2 + 4*l + 5. Determine r(-2).
1
Let o(u) = 11*u + 304. Determine o(-28).
-4
Let v(l) = 5*l - 15. What is v(10)?
35
Let f(v) = v**3 + 16*v**2 + 16*v + 15. Calculate f(-15).
0
Let j(u) = 3*u - 35. Calculate j(11).
-2
Let y(j) = j + 16. Determine y(-7).
9
Let q(y) = -y**2 + 11*y - 20. Determine q(7).
8
Let m(a) = -4*a**3 + 1. Determine m(-1).
5
Let c(v) = 13*v - 29. Determine c(3).
10
Let t(j) = j**2 - 7*j + 9. Ca